{"id":95,"date":"2014-06-05T20:18:33","date_gmt":"2014-06-05T18:18:33","guid":{"rendered":"http:\/\/www.frohsinn-pudel.de\/?page_id=95"},"modified":"2024-11-18T19:23:13","modified_gmt":"2024-11-18T18:23:13","slug":"ueber-uns","status":"publish","type":"page","link":"https:\/\/www.frohsinn-pudel.de\/?page_id=95","title":{"rendered":"\u00dcber uns"},"content":{"rendered":"<p><a href=\"https:\/\/www.frohsinn-pudel.de\/wp-content\/uploads\/2017\/02\/IMG_3323.jpg\"><img loading=\"lazy\" decoding=\"async\" class=\"alignnone size-medium wp-image-748\" src=\"https:\/\/www.frohsinn-pudel.de\/wp-content\/uploads\/2017\/02\/IMG_3323-300x200.jpg\" alt=\"\" width=\"300\" height=\"200\" srcset=\"https:\/\/www.frohsinn-pudel.de\/wp-content\/uploads\/2017\/02\/IMG_3323-300x200.jpg 300w, https:\/\/www.frohsinn-pudel.de\/wp-content\/uploads\/2017\/02\/IMG_3323.jpg 1920w\" sizes=\"auto, (max-width: 300px) 100vw, 300px\" \/><\/a><\/p>\n<p>Wir hatten schon immer Hunde, allerdings ist unsere Liebe zu den Pudeln erst vor einigen Jahren entfacht worden. Ich bin Grundschullehrerin und habe unsere Hunde immer mal wieder mit in die Schule genommen. Als unser Papillon starb, habe ich mich nach einer Rasse umgesehen, die f\u00fcr die Schule besonders geeignet ist. Da bin ich auf die Pudel aufmerksam gemacht worden und hatte meine ersten Kontakt den Gl\u00fcckspudeln. Wir waren begeistert von den Hunden und von der Z\u00fcchterin und so kam Giacomo im Juli 2011 zu uns. Er ging nach den Sommerferien sofort Stundenweise mit in die Schule und ist ein toller Schulhund geworden. Die Schulhundausbildung hat er mit einem Jahr gemacht. Da wir so begeistert waren, kam dann im September 2012 Julie zu uns. Wir wollten gerne z\u00fcchten und haben dann diesen kleinen Gro\u00dfpudel ausgesucht, der gut in unsere Mittepudelzucht passt. Julie hat sich als zuchttauglich erwiesen und ist eine tolle Mutter. Au\u00dferdem habe ich mit Julie auch eine Schulhundausbildung absolviert. Sie ist ein ganz toller Schulhund, weil sie so gelassen und ruhig ist. Die beiden gehen regelm\u00e4\u00dfig 2-3 mal pro Woche mit in die Schule.<\/p>\n<p>Von dem 2. Wurf im Juli 2016 haben wir dann unsere Baja behalten. Sie ist eine freche kleine Dame, mit ganz viel Charm. Wir sind schon gespannt, wie sie sich weiter entwickelt. Baja kommt nicht mit in die Schule, da ich mit den beiden Gro\u00dfen ausgelastet bin.<\/p>\n<p><a href=\"https:\/\/www.frohsinn-pudel.de\/wp-content\/uploads\/2014\/10\/IMG_3159.jpg\"><img loading=\"lazy\" decoding=\"async\" class=\"alignnone size-medium wp-image-353\" src=\"https:\/\/www.frohsinn-pudel.de\/wp-content\/uploads\/2014\/10\/IMG_3159-300x225.jpg\" alt=\"\" width=\"300\" height=\"225\" srcset=\"https:\/\/www.frohsinn-pudel.de\/wp-content\/uploads\/2014\/10\/IMG_3159-300x225.jpg 300w, https:\/\/www.frohsinn-pudel.de\/wp-content\/uploads\/2014\/10\/IMG_3159.jpg 1920w\" sizes=\"auto, (max-width: 300px) 100vw, 300px\" \/><\/a><\/p>\n<p>Mein Mann und ich teilen uns die Aufgaben. Ich bin vormittags in der Schule und mein Mann ist nachmittags in der Musikschule. Das passt perfekt, weil dann immer jemand f\u00fcr die Hunde und auch besonders f\u00fcr die Welpen da ist.<\/p>\n<p>Wir legen in unserer Zucht viel Wert auf einen ausgeglichenen Charakter der Hunde. Mein Wunsch ist es, dass viele unserer Welpen als Schul- oder Therapiehund eingesetzt werden.\u00a0 Ich finde es einfach toll, mit Hunden und mit Menschen zu arbeiten. Einer unserer ehemaligen Welpen ist im Kindergarten, ein andere ist als Sekretariatshund im Einsatz.<\/p>\n<p>Unsere Welpen werden im Haus gehalten und lernen alles kennen, was ein Hund sp\u00e4ter in der Familie erlebt. Wir haben einen gro\u00dfen Garten und bei sch\u00f6nem Wetter sind die Welpen ganz viel im Garten.<\/p>\n<p>Wir sind sehr froh dar\u00fcber, da\u00df wir bei all den vielf\u00e4ltigen Aufgaben, die die Pudelzucht mit sich bringt, jederzeit auf die Unterst\u00fctzung unserer Z\u00fcchterkollegen der <a href=\"http:\/\/www.mittelpudel.de\/\">Zuchtgemeinschaft deutscher Mittelpudel<\/a> z\u00e4hlen k\u00f6nnen. Auf der Internetseite der Zuchtgemeinschaft finden Sie auch viele n\u00fctzliche Informationen rund um den Pudel.<\/p>\n","protected":false},"excerpt":{"rendered":"<p>Wir hatten schon immer Hunde, allerdings ist unsere Liebe zu den Pudeln erst vor einigen Jahren entfacht worden. Ich bin [&hellip;]<\/p>\n","protected":false},"author":1,"featured_media":0,"parent":0,"menu_order":0,"comment_status":"closed","ping_status":"closed","template":"","meta":{"footnotes":""},"class_list":["post-95","page","type-page","status-publish","hentry"],"_links":{"self":[{"href":"https:\/\/www.frohsinn-pudel.de\/index.php?rest_route=\/wp\/v2\/pages\/95","targetHints":{"allow":["GET"]}}],"collection":[{"href":"https:\/\/www.frohsinn-pudel.de\/index.php?rest_route=\/wp\/v2\/pages"}],"about":[{"href":"https:\/\/www.frohsinn-pudel.de\/index.php?rest_route=\/wp\/v2\/types\/page"}],"author":[{"embeddable":true,"href":"https:\/\/www.frohsinn-pudel.de\/index.php?rest_route=\/wp\/v2\/users\/1"}],"replies":[{"embeddable":true,"href":"https:\/\/www.frohsinn-pudel.de\/index.php?rest_route=%2Fwp%2Fv2%2Fcomments&post=95"}],"version-history":[{"count":13,"href":"https:\/\/www.frohsinn-pudel.de\/index.php?rest_route=\/wp\/v2\/pages\/95\/revisions"}],"predecessor-version":[{"id":4430,"href":"https:\/\/www.frohsinn-pudel.de\/index.php?rest_route=\/wp\/v2\/pages\/95\/revisions\/4430"}],"wp:attachment":[{"href":"https:\/\/www.frohsinn-pudel.de\/index.php?rest_route=%2Fwp%2Fv2%2Fmedia&parent=95"}],"curies":[{"name":"wp","href":"https:\/\/api.w.org\/{rel}","templated":true}]}}

Über uns

<p><a href="https://www.frohsinn-pudel.de/wp-content/uploads/2017/02/IMG_3323.jpg"><img loading="lazy" decoding="async" class="alignnone size-medium wp-image-748" src="https://www.frohsinn-pudel.de/wp-content/uploads/2017/02/IMG_3323-300x200.jpg" alt="" width="300" height="200" srcset="https://www.frohsinn-pudel.de/wp-content/uploads/2017/02/IMG_3323-300x200.jpg 300w, https://www.frohsinn-pudel.de/wp-content/uploads/2017/02/IMG_3323.jpg 1920w" sizes="auto, (max-width: 300px) 100vw, 300px" /></a></p>
<p>Wir hatten schon immer Hunde, allerdings ist unsere Liebe zu den Pudeln erst vor einigen Jahren entfacht worden. Ich bin Grundschullehrerin und habe unsere Hunde immer mal wieder mit in die Schule genommen. Als unser Papillon starb, habe ich mich nach einer Rasse umgesehen, die für die Schule besonders geeignet ist. Da bin ich auf die Pudel aufmerksam gemacht worden und hatte meine ersten Kontakt den Glückspudeln. Wir waren begeistert von den Hunden und von der Züchterin und so kam Giacomo im Juli 2011 zu uns. Er ging nach den Sommerferien sofort Stundenweise mit in die Schule und ist ein toller Schulhund geworden. Die Schulhundausbildung hat er mit einem Jahr gemacht. Da wir so begeistert waren, kam dann im September 2012 Julie zu uns. Wir wollten gerne züchten und haben dann diesen kleinen Großpudel ausgesucht, der gut in unsere Mittepudelzucht passt. Julie hat sich als zuchttauglich erwiesen und ist eine tolle Mutter. Außerdem habe ich mit Julie auch eine Schulhundausbildung absolviert. Sie ist ein ganz toller Schulhund, weil sie so gelassen und ruhig ist. Die beiden gehen regelmäßig 2-3 mal pro Woche mit in die Schule.</p>
<p>Von dem 2. Wurf im Juli 2016 haben wir dann unsere Baja behalten. Sie ist eine freche kleine Dame, mit ganz viel Charm. Wir sind schon gespannt, wie sie sich weiter entwickelt. Baja kommt nicht mit in die Schule, da ich mit den beiden Großen ausgelastet bin.</p>
<p><a href="https://www.frohsinn-pudel.de/wp-content/uploads/2014/10/IMG_3159.jpg"><img loading="lazy" decoding="async" class="alignnone size-medium wp-image-353" src="https://www.frohsinn-pudel.de/wp-content/uploads/2014/10/IMG_3159-300x225.jpg" alt="" width="300" height="225" srcset="https://www.frohsinn-pudel.de/wp-content/uploads/2014/10/IMG_3159-300x225.jpg 300w, https://www.frohsinn-pudel.de/wp-content/uploads/2014/10/IMG_3159.jpg 1920w" sizes="auto, (max-width: 300px) 100vw, 300px" /></a></p>
<p>Mein Mann und ich teilen uns die Aufgaben. Ich bin vormittags in der Schule und mein Mann ist nachmittags in der Musikschule. Das passt perfekt, weil dann immer jemand für die Hunde und auch besonders für die Welpen da ist.</p>
<p>Wir legen in unserer Zucht viel Wert auf einen ausgeglichenen Charakter der Hunde. Mein Wunsch ist es, dass viele unserer Welpen als Schul- oder Therapiehund eingesetzt werden.  Ich finde es einfach toll, mit Hunden und mit Menschen zu arbeiten. Einer unserer ehemaligen Welpen ist im Kindergarten, ein andere ist als Sekretariatshund im Einsatz.</p>
<p>Unsere Welpen werden im Haus gehalten und lernen alles kennen, was ein Hund später in der Familie erlebt. Wir haben einen großen Garten und bei schönem Wetter sind die Welpen ganz viel im Garten.</p>
<p>Wir sind sehr froh darüber, daß wir bei all den vielfältigen Aufgaben, die die Pudelzucht mit sich bringt, jederzeit auf die Unterstützung unserer Züchterkollegen der <a href="http://www.mittelpudel.de/">Zuchtgemeinschaft deutscher Mittelpudel</a> zählen können. Auf der Internetseite der Zuchtgemeinschaft finden Sie auch viele nützliche Informationen rund um den Pudel.</p>
